{"id":1730,"date":"2025-02-05T13:59:41","date_gmt":"2025-02-05T10:59:41","guid":{"rendered":"https:\/\/grms.interratechnology.com\/?page_id=1730"},"modified":"2025-06-13T09:31:56","modified_gmt":"2025-06-13T07:31:56","slug":"intelligente-vorhang-loesungen","status":"publish","type":"page","link":"https:\/\/interratechnology.at\/hotel\/intelligente-vorhang-loesungen\/","title":{"rendered":"Intelligente Vorhangl\u00f6sungen"},"content":{"rendered":"\t\t<div data-elementor-type=\"wp-page\" data-elementor-id=\"1730\" class=\"elementor elementor-1730\">\n\t\t\t\t<div class=\"elementor-element elementor-element-2448c282 e-flex e-con-boxed sc_layouts_column_icons_position_left e-con e-parent\" data-id=\"2448c282\" data-element_type=\"container\" data-settings=\"{&quot;background_background&quot;:&quot;classic&quot;}\">\n\t\t\t\t\t<div class=\"e-con-inner\">\n\t\t<div class=\"elementor-element elementor-element-19ec35b7 e-grid e-con-full sc_layouts_column_icons_position_left e-con e-child\" data-id=\"19ec35b7\" data-element_type=\"container\">\n\t\t\t\t<div data-animation-type=\"block\" class=\"elementor-element elementor-element-70dda725 elementor-invisible elementor-widget elementor-widget-heading\" data-id=\"70dda725\" data-element_type=\"widget\" data-settings=\"{&quot;_animation&quot;:&quot;fadeInDown&quot;}\" data-widget_type=\"heading.default\">\n\t\t\t\t\t<h2 class=\"elementor-heading-title elementor-size-default\">Interra GRMS \u2013 Intelligente Vorhangl\u00f6sungen<\/h2>\t\t\t\t<\/div>\n\t\t\t\t<div data-animation-type=\"block\" class=\"elementor-element elementor-element-1258f10b elementor-invisible elementor-widget elementor-widget-heading\" data-id=\"1258f10b\" data-element_type=\"widget\" data-settings=\"{&quot;_animation&quot;:&quot;fadeInDown&quot;}\" data-widget_type=\"heading.default\">\n\t\t\t\t\t<h2 class=\"elementor-heading-title elementor-size-default\">Nahtlose Vorhangsteuerung f\u00fcr verbesserten G\u00e4stekomfort und Energieeffizienz\n\n\n\n\n\n\n\n\n<\/h2>\t\t\t\t<\/div>\n\t\t\t\t<\/div>\n\t\t\t\t\t<\/div>\n\t\t\t\t<\/div>\n\t\t<div class=\"elementor-element elementor-element-80ee59b e-flex e-con-boxed sc_layouts_column_icons_position_left e-con e-parent\" data-id=\"80ee59b\" data-element_type=\"container\" data-settings=\"{&quot;background_background&quot;:&quot;classic&quot;}\">\n\t\t\t\t\t<div class=\"e-con-inner\">\n\t\t\t\t<div class=\"elementor-element elementor-element-35e0389 elementor-widget elementor-widget-text-editor\" data-id=\"35e0389\" data-element_type=\"widget\" data-widget_type=\"text-editor.default\">\n\t\t\t\t\t\t\t\t\t<p class=\"p4\"><span class=\"s1\">Automatisierte Vorhangsteuerung ist eine unverzichtbare Funktion f\u00fcr moderne Hotels, die den G\u00e4sten <\/span><b>m\u00fchelose Bequemlichkeit, Energieeinsparungen und Privatsph\u00e4re<\/b><span class=\"s1\"> bietet. <\/span><b>Interra GRMS Smart Curtain Solutions<\/b><span class=\"s1\"> erm\u00f6glichen es Hotels, die Vorhangautomation in <\/span><b>KNX basierte Steuerungssysteme<\/b><span class=\"s1\"> zu integrieren und automatische Anpassungen basierend auf Tageszeit, Sonnenlichtintensit\u00e4t und Belegung vorzunehmen.<\/span><\/p>\t\t\t\t\t\t\t\t<\/div>\n\t\t\t\t\t<\/div>\n\t\t\t\t<\/div>\n\t\t<div class=\"elementor-element elementor-element-4272c2b e-flex e-con-boxed sc_layouts_column_icons_position_left e-con e-parent\" data-id=\"4272c2b\" data-element_type=\"container\" data-settings=\"{&quot;background_background&quot;:&quot;classic&quot;}\">\n\t\t\t\t\t<div class=\"e-con-inner\">\n\t\t\t\t<div data-image-effect=\"on_swap\" data-image-effect-scale=\"0\" data-image-effect-strength=\"40\" data-image-effect-displacement=\"https:\/\/grms.interratechnology.com\/wp-content\/uploads\/2025\/01\/cropped-interra_logo_turkuaz_mini.png\" data-image-effect-swap-image=\"https:\/\/interratechnology.at\/hotel\/wp-content\/uploads\/2025\/02\/curtain-end.png\" class=\"elementor-element elementor-element-cea70a6 trx_addons_image_effects_on_swap elementor-widget elementor-widget-image\" data-id=\"cea70a6\" data-element_type=\"widget\" data-widget_type=\"image.default\">\n\t\t\t\t\t\t\t\t\t\t\t\t\t\t\t<img fetchpriority=\"high\" decoding=\"async\" width=\"1792\" height=\"1024\" src=\"https:\/\/interratechnology.at\/hotel\/wp-content\/uploads\/2025\/02\/curtain-first.png\" class=\"attachment-full size-full wp-image-1936\" alt=\"\" srcset=\"https:\/\/interratechnology.at\/hotel\/wp-content\/uploads\/2025\/02\/curtain-first.png 1792w, https:\/\/interratechnology.at\/hotel\/wp-content\/uploads\/2025\/02\/curtain-first-730x417.png 730w, https:\/\/interratechnology.at\/hotel\/wp-content\/uploads\/2025\/02\/curtain-first-300x171.png 300w, https:\/\/interratechnology.at\/hotel\/wp-content\/uploads\/2025\/02\/curtain-first-1024x585.png 1024w, https:\/\/interratechnology.at\/hotel\/wp-content\/uploads\/2025\/02\/curtain-first-768x439.png 768w, https:\/\/interratechnology.at\/hotel\/wp-content\/uploads\/2025\/02\/curtain-first-1536x878.png 1536w, https:\/\/interratechnology.at\/hotel\/wp-content\/uploads\/2025\/02\/curtain-first-370x211.png 370w, https:\/\/interratechnology.at\/hotel\/wp-content\/uploads\/2025\/02\/curtain-first-840x480.png 840w, https:\/\/interratechnology.at\/hotel\/wp-content\/uploads\/2025\/02\/curtain-first-410x234.png 410w\" sizes=\"(max-width: 1792px) 100vw, 1792px\" \/>\t\t\t\t\t\t\t\t\t\t\t\t\t\t\t<\/div>\n\t\t\t\t\t<\/div>\n\t\t\t\t<\/div>\n\t\t\t\t<section class=\"elementor-section elementor-top-section elementor-element elementor-element-31afd1dd elementor-section-boxed elementor-section-height-default elementor-section-height-default sc_fly_static\" data-id=\"31afd1dd\" data-element_type=\"section\" data-settings=\"{&quot;background_background&quot;:&quot;classic&quot;}\">\n\t\t\t\t\t\t<div class=\"elementor-container elementor-column-gap-extended\">\n\t\t\t\t\t<div data-animation-type=\"block\" class=\"elementor-column elementor-col-33 elementor-top-column elementor-element elementor-element-4b1baf00 sc_layouts_column_align_center sc_layouts_column animated-slow sc_content_align_inherit sc_layouts_column_icons_position_left animation_type_block sc_fly_static elementor-invisible\" data-id=\"4b1baf00\" data-element_type=\"column\" data-settings=\"{&quot;animation&quot;:&quot;fadeInLeft&quot;}\">\n\t\t\t<div class=\"elementor-widget-wrap elementor-element-populated\">\n\t\t\t\t\t\t<div class=\"elementor-element elementor-element-671d3f46 elementor-widget elementor-widget-spacer\" data-id=\"671d3f46\" data-element_type=\"widget\" data-widget_type=\"spacer.default\">\n\t\t\t\t\t\t\t<div class=\"elementor-spacer\">\n\t\t\t<div class=\"elementor-spacer-inner\"><\/div>\n\t\t<\/div>\n\t\t\t\t\t\t<\/div>\n\t\t\t\t<div data-animation-type=\"block\" class=\"elementor-element elementor-element-10b3d634 elementor-invisible elementor-widget elementor-widget-heading\" data-id=\"10b3d634\" data-element_type=\"widget\" data-settings=\"{&quot;_animation&quot;:&quot;fadeInLeft&quot;}\" data-widget_type=\"heading.default\">\n\t\t\t\t\t<h6 class=\"elementor-heading-title elementor-size-default\">Automatische Vorhangsteuerung basierend auf Uhrzeit und Sonnenlicht<\/h6>\t\t\t\t<\/div>\n\t\t\t\t<div class=\"elementor-element elementor-element-56239816 elementor-widget elementor-widget-spacer\" data-id=\"56239816\" data-element_type=\"widget\" data-widget_type=\"spacer.default\">\n\t\t\t\t\t\t\t<div class=\"elementor-spacer\">\n\t\t\t<div class=\"elementor-spacer-inner\"><\/div>\n\t\t<\/div>\n\t\t\t\t\t\t<\/div>\n\t\t\t\t<div class=\"elementor-element elementor-element-625b9408 elementor-widget elementor-widget-text-editor\" data-id=\"625b9408\" data-element_type=\"widget\" data-widget_type=\"text-editor.default\">\n\t\t\t\t\t\t\t\t\tDas intelligente Vorhangsystem von Interra kann so programmiert werden, dass es sich je nach Tageszeit und verf\u00fcgbarem nat\u00fcrlichen Licht anpasst.\n\n<ul>  \n  <li><strong>Automatisches \u00d6ffnen am Morgen<\/strong>, um Tageslicht hereinzulassen.<\/li>  \n  <li><strong>Schlie\u00dfen in der Nacht<\/strong> f\u00fcr Privatsph\u00e4re und Energieeffizienz.<\/li>  \n  <li><strong>Sonnenlichtbasierte Anpassung<\/strong>, um Raumbeleuchtung und Temperatur zu optimieren.<\/li>  \n<\/ul>\n\t\t\t\t\t\t\t\t<\/div>\n\t\t\t\t\t<\/div>\n\t\t<\/div>\n\t\t\t\t<div data-animation-type=\"block\" class=\"elementor-column elementor-col-33 elementor-top-column elementor-element elementor-element-1835bccf sc_layouts_column_align_center sc_layouts_column animated-slow sc_content_align_inherit sc_layouts_column_icons_position_left animation_type_block sc_fly_static elementor-invisible\" data-id=\"1835bccf\" data-element_type=\"column\" data-settings=\"{&quot;animation&quot;:&quot;fadeInLeft&quot;}\">\n\t\t\t<div class=\"elementor-widget-wrap elementor-element-populated\">\n\t\t\t\t\t\t<div class=\"elementor-element elementor-element-6ebd0441 elementor-widget elementor-widget-spacer\" data-id=\"6ebd0441\" data-element_type=\"widget\" data-widget_type=\"spacer.default\">\n\t\t\t\t\t\t\t<div class=\"elementor-spacer\">\n\t\t\t<div class=\"elementor-spacer-inner\"><\/div>\n\t\t<\/div>\n\t\t\t\t\t\t<\/div>\n\t\t\t\t<div data-animation-type=\"block\" class=\"elementor-element elementor-element-5826ab7e elementor-invisible elementor-widget elementor-widget-heading\" data-id=\"5826ab7e\" data-element_type=\"widget\" data-settings=\"{&quot;_animation&quot;:&quot;fadeInLeft&quot;}\" data-widget_type=\"heading.default\">\n\t\t\t\t\t<h6 class=\"elementor-heading-title elementor-size-default\">Vor Anwesenheit gesteuerte Vorhangautomatisierung<\/h6>\t\t\t\t<\/div>\n\t\t\t\t<div class=\"elementor-element elementor-element-1f9d3beb elementor-widget elementor-widget-spacer\" data-id=\"1f9d3beb\" data-element_type=\"widget\" data-widget_type=\"spacer.default\">\n\t\t\t\t\t\t\t<div class=\"elementor-spacer\">\n\t\t\t<div class=\"elementor-spacer-inner\"><\/div>\n\t\t<\/div>\n\t\t\t\t\t\t<\/div>\n\t\t\t\t<div class=\"elementor-element elementor-element-48610263 elementor-widget elementor-widget-text-editor\" data-id=\"48610263\" data-element_type=\"widget\" data-widget_type=\"text-editor.default\">\n\t\t\t\t\t\t\t\t\tIntegriert mit den <strong>Multi-Pr\u00e4senzsensoren von Interra<\/strong> passen sich die Vorh\u00e4nge automatisch an die Belegung des Zimmers an.\n\n<ul>  \n  <li><strong>Vorh\u00e4nge \u00f6ffnen sich, wenn G\u00e4ste das Zimmer betreten<\/strong> und schaffen so ein einladendes Ambiente.<\/li>  \n  <li><strong>Schlie\u00dfen sich automatisch, wenn das Zimmer unbesetzt ist<\/strong>, um Energieverluste zu minimieren.<\/li>  \n  <li><strong>Verbessert die Privatsph\u00e4re und Sicherheit der G\u00e4ste<\/strong>.<\/li>  \n<\/ul>\n\t\t\t\t\t\t\t\t<\/div>\n\t\t\t\t\t<\/div>\n\t\t<\/div>\n\t\t\t\t<div data-animation-type=\"block\" class=\"elementor-column elementor-col-33 elementor-top-column elementor-element elementor-element-278cecc sc_layouts_column_align_center sc_layouts_column animated-slow sc_content_align_inherit sc_layouts_column_icons_position_left animation_type_block sc_fly_static elementor-invisible\" data-id=\"278cecc\" data-element_type=\"column\" data-settings=\"{&quot;animation&quot;:&quot;fadeInLeft&quot;}\">\n\t\t\t<div class=\"elementor-widget-wrap elementor-element-populated\">\n\t\t\t\t\t\t<div class=\"elementor-element elementor-element-807b112 elementor-widget elementor-widget-spacer\" data-id=\"807b112\" data-element_type=\"widget\" data-widget_type=\"spacer.default\">\n\t\t\t\t\t\t\t<div class=\"elementor-spacer\">\n\t\t\t<div class=\"elementor-spacer-inner\"><\/div>\n\t\t<\/div>\n\t\t\t\t\t\t<\/div>\n\t\t\t\t<div data-animation-type=\"block\" class=\"elementor-element elementor-element-2bf52e20 elementor-invisible elementor-widget elementor-widget-heading\" data-id=\"2bf52e20\" data-element_type=\"widget\" data-settings=\"{&quot;_animation&quot;:&quot;fadeInLeft&quot;}\" data-widget_type=\"heading.default\">\n\t\t\t\t\t<h6 class=\"elementor-heading-title elementor-size-default\">Kartenhalter f\u00fcr Energiemanagement<\/h6>\t\t\t\t<\/div>\n\t\t\t\t<div class=\"elementor-element elementor-element-5a203466 elementor-widget elementor-widget-spacer\" data-id=\"5a203466\" data-element_type=\"widget\" data-widget_type=\"spacer.default\">\n\t\t\t\t\t\t\t<div class=\"elementor-spacer\">\n\t\t\t<div class=\"elementor-spacer-inner\"><\/div>\n\t\t<\/div>\n\t\t\t\t\t\t<\/div>\n\t\t\t\t<div class=\"elementor-element elementor-element-3d1ffddd elementor-widget elementor-widget-text-editor\" data-id=\"3d1ffddd\" data-element_type=\"widget\" data-widget_type=\"text-editor.default\">\n\t\t\t\t\t\t\t\t\tDie Vorhangsteuerung von Interra integriert sich nahtlos in <strong>GRMS- und KNX-Automation<\/strong> und erm\u00f6glicht eine zentrale Steuerung.\n\n<ul>  \n  <li><strong style=\"font-size: 18px; letter-spacing: 0.1px; font-family: GothamBoldInterra, sans-serif;\">Synchronisation mit Beleuchtung und Klima f\u00fcr ein umfassendes Automations\u00aderlebnis.<\/strong><\/li>  \n  <li><strong style=\"font-size: 18px; letter-spacing: 0.1px;\">Individuell anpassbare Einstellungen f\u00fcr einzelne Zimmer oder Gemeinschaftsbereiche.<\/strong><\/li>  \n  <li><strong style=\"font-size: 18px; letter-spacing: 0.1px;\">Kompatibel mit smarten Panels, mobilen Apps und Sprachsteuerungsassistenten.<\/strong><\/li>  \n<\/ul>\n\t\t\t\t\t\t\t\t<\/div>\n\t\t\t\t\t<\/div>\n\t\t<\/div>\n\t\t\t\t\t<\/div>\n\t\t<\/section>\n\t\t<div class=\"elementor-element elementor-element-afe9588 e-flex e-con-boxed sc_layouts_column_icons_position_left e-con e-parent\" data-id=\"afe9588\" data-element_type=\"container\">\n\t\t\t\t\t<div class=\"e-con-inner\">\n\t\t\t\t<div class=\"elementor-element elementor-element-2deafb46 elementor-widget elementor-widget-spacer\" data-id=\"2deafb46\" data-element_type=\"widget\" data-widget_type=\"spacer.default\">\n\t\t\t\t\t\t\t<div class=\"elementor-spacer\">\n\t\t\t<div class=\"elementor-spacer-inner\"><\/div>\n\t\t<\/div>\n\t\t\t\t\t\t<\/div>\n\t\t\t\t\t<\/div>\n\t\t\t\t<\/div>\n\t\t\t\t<section class=\"elementor-section elementor-top-section elementor-element elementor-element-18b3f9fa elementor-section-boxed elementor-section-height-default elementor-section-height-default sc_fly_static\" data-id=\"18b3f9fa\" data-element_type=\"section\" data-settings=\"{&quot;background_background&quot;:&quot;classic&quot;}\">\n\t\t\t\t\t\t<div class=\"elementor-container elementor-column-gap-extended\">\n\t\t\t\t\t<div data-animation-type=\"block\" class=\"elementor-column elementor-col-33 elementor-top-column elementor-element elementor-element-3cc27dc8 sc_layouts_column_align_center sc_layouts_column animated-slow sc_content_align_inherit sc_layouts_column_icons_position_left animation_type_block sc_fly_static elementor-invisible\" data-id=\"3cc27dc8\" data-element_type=\"column\" data-settings=\"{&quot;animation&quot;:&quot;fadeInLeft&quot;}\">\n\t\t\t<div class=\"elementor-widget-wrap elementor-element-populated\">\n\t\t\t\t\t\t<div class=\"elementor-element elementor-element-655e120a elementor-widget elementor-widget-spacer\" data-id=\"655e120a\" data-element_type=\"widget\" data-widget_type=\"spacer.default\">\n\t\t\t\t\t\t\t<div class=\"elementor-spacer\">\n\t\t\t<div class=\"elementor-spacer-inner\"><\/div>\n\t\t<\/div>\n\t\t\t\t\t\t<\/div>\n\t\t\t\t<div data-animation-type=\"block\" class=\"elementor-element elementor-element-3842eb03 elementor-invisible elementor-widget elementor-widget-heading\" data-id=\"3842eb03\" data-element_type=\"widget\" data-settings=\"{&quot;_animation&quot;:&quot;fadeInLeft&quot;}\" data-widget_type=\"heading.default\">\n\t\t\t\t\t<h6 class=\"elementor-heading-title elementor-size-default\">Von G\u00e4sten gesteuerte Vorhang Szenarien<\/h6>\t\t\t\t<\/div>\n\t\t\t\t<div class=\"elementor-element elementor-element-2d5d7569 elementor-widget elementor-widget-spacer\" data-id=\"2d5d7569\" data-element_type=\"widget\" data-widget_type=\"spacer.default\">\n\t\t\t\t\t\t\t<div class=\"elementor-spacer\">\n\t\t\t<div class=\"elementor-spacer-inner\"><\/div>\n\t\t<\/div>\n\t\t\t\t\t\t<\/div>\n\t\t\t\t<div class=\"elementor-element elementor-element-4cec7a8c elementor-widget elementor-widget-text-editor\" data-id=\"4cec7a8c\" data-element_type=\"widget\" data-widget_type=\"text-editor.default\">\n\t\t\t\t\t\t\t\t\tG\u00e4ste k\u00f6nnen ihr Erlebnis mit <strong>vordefinierten oder individuellen Vorhang-Einstellungen<\/strong> personalisieren.\n\n<ul>  \n  <li><strong>\u201eGuten Morgen\u201c Modus:<\/strong> Vorh\u00e4nge \u00f6ffnen sich sanft, um die G\u00e4ste mit nat\u00fcrlichem Licht zu wecken.<\/li>  \n  <li><strong>\u201eEntspannung\u201c Modus:<\/strong> Vorh\u00e4nge passen sich an, um Blendung zu reduzieren und eine gem\u00fctliche Atmosph\u00e4re zu schaffen.<\/li>  \n  <li><strong>\u201ePrivatsph\u00e4re\u201c Modus:<\/strong> Vorh\u00e4nge sind vollst\u00e4ndig geschlossen f\u00fcr absolute Privatsph\u00e4re.<\/li>  \n<\/ul>\n\t\t\t\t\t\t\t\t<\/div>\n\t\t\t\t\t<\/div>\n\t\t<\/div>\n\t\t\t\t<div data-animation-type=\"block\" class=\"elementor-column elementor-col-33 elementor-top-column elementor-element elementor-element-6d1e856a sc_layouts_column_align_center sc_layouts_column animated-slow sc_content_align_inherit sc_layouts_column_icons_position_left animation_type_block sc_fly_static elementor-invisible\" data-id=\"6d1e856a\" data-element_type=\"column\" data-settings=\"{&quot;animation&quot;:&quot;fadeInLeft&quot;}\">\n\t\t\t<div class=\"elementor-widget-wrap elementor-element-populated\">\n\t\t\t\t\t\t<div class=\"elementor-element elementor-element-2aadde33 elementor-widget elementor-widget-spacer\" data-id=\"2aadde33\" data-element_type=\"widget\" data-widget_type=\"spacer.default\">\n\t\t\t\t\t\t\t<div class=\"elementor-spacer\">\n\t\t\t<div class=\"elementor-spacer-inner\"><\/div>\n\t\t<\/div>\n\t\t\t\t\t\t<\/div>\n\t\t\t\t<div data-animation-type=\"block\" class=\"elementor-element elementor-element-62cb666d elementor-invisible elementor-widget elementor-widget-heading\" data-id=\"62cb666d\" data-element_type=\"widget\" data-settings=\"{&quot;_animation&quot;:&quot;fadeInLeft&quot;}\" data-widget_type=\"heading.default\">\n\t\t\t\t\t<h6 class=\"elementor-heading-title elementor-size-default\">Energieeffizienz und Nachhaltigkeit\n\n\n\n\n\n\n\n\n<\/h6>\t\t\t\t<\/div>\n\t\t\t\t<div class=\"elementor-element elementor-element-156bc473 elementor-widget elementor-widget-spacer\" data-id=\"156bc473\" data-element_type=\"widget\" data-widget_type=\"spacer.default\">\n\t\t\t\t\t\t\t<div class=\"elementor-spacer\">\n\t\t\t<div class=\"elementor-spacer-inner\"><\/div>\n\t\t<\/div>\n\t\t\t\t\t\t<\/div>\n\t\t\t\t<div class=\"elementor-element elementor-element-4453b6b8 elementor-widget elementor-widget-text-editor\" data-id=\"4453b6b8\" data-element_type=\"widget\" data-widget_type=\"text-editor.default\">\n\t\t\t\t\t\t\t\t\tDie automatisierte Vorhangsteuerung hilft Hotels, <strong>Heiz- und K\u00fchlkosten zu senken<\/strong>, indem sie die Sonneneinstrahlung reguliert.\n\n<ul>  \n  <li><strong>Reduziert den Einsatz von Klimaanlagen durch das Blockieren von \u00fcberm\u00e4\u00dfiger W\u00e4rme<\/strong>.<\/li>  \n  <li><strong>Maximiert das nat\u00fcrliche Licht, um den Stromverbrauch zu verringern<\/strong>.<\/li>  \n  <li><strong>Unterst\u00fctzt umweltfreundlichen Hotelbetrieb durch intelligente Automatisierung<\/strong>.<\/li>  \n<\/ul>\n\t\t\t\t\t\t\t\t<\/div>\n\t\t\t\t\t<\/div>\n\t\t<\/div>\n\t\t\t\t<div data-animation-type=\"block\" class=\"elementor-column elementor-col-33 elementor-top-column elementor-element elementor-element-560c929d sc_layouts_column_align_center sc_layouts_column animated-slow sc_content_align_inherit sc_layouts_column_icons_position_left animation_type_block sc_fly_static elementor-invisible\" data-id=\"560c929d\" data-element_type=\"column\" data-settings=\"{&quot;animation&quot;:&quot;fadeInLeft&quot;}\">\n\t\t\t<div class=\"elementor-widget-wrap elementor-element-populated\">\n\t\t\t\t\t\t<div class=\"elementor-element elementor-element-2bb99353 elementor-widget elementor-widget-spacer\" data-id=\"2bb99353\" data-element_type=\"widget\" data-widget_type=\"spacer.default\">\n\t\t\t\t\t\t\t<div class=\"elementor-spacer\">\n\t\t\t<div class=\"elementor-spacer-inner\"><\/div>\n\t\t<\/div>\n\t\t\t\t\t\t<\/div>\n\t\t\t\t\t<\/div>\n\t\t<\/div>\n\t\t\t\t\t<\/div>\n\t\t<\/section>\n\t\t\t\t<section class=\"elementor-section elementor-top-section elementor-element elementor-element-14062906 elementor-section-full_width elementor-section-height-default elementor-section-height-default sc_fly_static\" data-id=\"14062906\" data-element_type=\"section\" data-settings=\"{&quot;background_background&quot;:&quot;classic&quot;}\">\n\t\t\t\t\t\t<div class=\"elementor-container elementor-column-gap-no\">\n\t\t\t\t\t<div class=\"elementor-column elementor-col-100 elementor-top-column elementor-element elementor-element-45785199 sc_content_align_inherit sc_layouts_column_icons_position_left sc_fly_static\" data-id=\"45785199\" data-element_type=\"column\">\n\t\t\t<div class=\"elementor-widget-wrap elementor-element-populated\">\n\t\t\t\t\t\t<div class=\"elementor-element elementor-element-6604b46b sc_layouts_hide_on_tablet sc_layouts_hide_on_mobile elementor-widget elementor-widget-spacer\" data-id=\"6604b46b\" data-element_type=\"widget\" data-widget_type=\"spacer.default\">\n\t\t\t\t\t\t\t<div class=\"elementor-spacer\">\n\t\t\t<div class=\"elementor-spacer-inner\"><\/div>\n\t\t<\/div>\n\t\t\t\t\t\t<\/div>\n\t\t\t\t\t<\/div>\n\t\t<\/div>\n\t\t\t\t\t<\/div>\n\t\t<\/section>\n\t\t<div class=\"elementor-element elementor-element-125df2c6 e-flex e-con-boxed sc_layouts_column_icons_position_left e-con e-parent\" data-id=\"125df2c6\" data-element_type=\"container\" data-settings=\"{&quot;background_background&quot;:&quot;classic&quot;}\">\n\t\t\t\t\t<div class=\"e-con-inner\">\n\t\t\t\t<div class=\"elementor-element elementor-element-3f9a87ed elementor-widget elementor-widget-spacer\" data-id=\"3f9a87ed\" data-element_type=\"widget\" data-widget_type=\"spacer.default\">\n\t\t\t\t\t\t\t<div class=\"elementor-spacer\">\n\t\t\t<div class=\"elementor-spacer-inner\"><\/div>\n\t\t<\/div>\n\t\t\t\t\t\t<\/div>\n\t\t\t\t\t<\/div>\n\t\t\t\t<\/div>\n\t\t\t\t<\/div>\n\t\t","protected":false},"excerpt":{"rendered":"<p>Interra GRMS \u2013 Intelligente Vorhangl\u00f6sungen Nahtlose Vorhangsteuerung f\u00fcr verbesserten G\u00e4stekomfort und Energieeffizienz Automatisierte Vorhangsteuerung ist eine unverzichtbare Funktion f\u00fcr moderne Hotels, die den G\u00e4sten m\u00fchelose Bequemlichkeit, Energieeinsparungen und Privatsph\u00e4re bietet.&hellip;<\/p>\n","protected":false},"author":1,"featured_media":0,"parent":0,"menu_order":0,"comment_status":"closed","ping_status":"closed","template":"elementor_header_footer","meta":{"footnotes":""},"class_list":["post-1730","page","type-page","status-publish","hentry"],"_links":{"self":[{"href":"https:\/\/interratechnology.at\/hotel\/wp-json\/wp\/v2\/pages\/1730","targetHints":{"allow":["GET"]}}],"collection":[{"href":"https:\/\/interratechnology.at\/hotel\/wp-json\/wp\/v2\/pages"}],"about":[{"href":"https:\/\/interratechnology.at\/hotel\/wp-json\/wp\/v2\/types\/page"}],"author":[{"embeddable":true,"href":"https:\/\/interratechnology.at\/hotel\/wp-json\/wp\/v2\/users\/1"}],"replies":[{"embeddable":true,"href":"https:\/\/interratechnology.at\/hotel\/wp-json\/wp\/v2\/comments?post=1730"}],"version-history":[{"count":7,"href":"https:\/\/interratechnology.at\/hotel\/wp-json\/wp\/v2\/pages\/1730\/revisions"}],"predecessor-version":[{"id":11673,"href":"https:\/\/interratechnology.at\/hotel\/wp-json\/wp\/v2\/pages\/1730\/revisions\/11673"}],"wp:attachment":[{"href":"https:\/\/interratechnology.at\/hotel\/wp-json\/wp\/v2\/media?parent=1730"}],"curies":[{"name":"wp","href":"https:\/\/api.w.org\/{rel}","templated":true}]}}